{"id":67,"date":"2017-10-19T01:27:51","date_gmt":"2017-10-18T23:27:51","guid":{"rendered":"http:\/\/renobec.ca\/boutique\/?page_id=67"},"modified":"2021-12-07T18:28:25","modified_gmt":"2021-12-07T23:28:25","slug":"termes-et-conditions-de-la-boutique","status":"publish","type":"page","link":"https:\/\/renobec.ca\/boutique\/termes-et-conditions-de-la-boutique\/","title":{"rendered":"Termes et conditions d&#8217;achat"},"content":{"rendered":"<p><!--\n\n\n<tr>\n\n\n<td>En cas d\u2019annulation de votre abonnement, veuillez prendre connaissance des conditions de remboursement\u00a0:\n\n\n<ul>\n \t\n\n<li><em>La demande d\u2019annulation doit \u00eatre soumise au plus tard 10 jours apr\u00e8s la\u00a0date d\u2019achat.<\/em><\/li>\n\n\n \t\n\n<li><em>Vous devez ne pas avoir acc\u00e9der \u00e0 votre compte sur renobec.ca<\/em><\/li>\n\n\n<\/ul>\n\n\n\n\n<tr>\n\n\n<td>Si l\u2019une ou l\u2019autre des deux conditions n\u2019est pas rempli, aucun remboursement ne sera \u00e9mis.<\/td>\n\n\n<\/tr>\n\n\n--><\/p>\n<table>\n<tbody>\n<tr>\n<td>Il faut poss\u00e9der un compte entrepreneur pour se connecter \u00e0 la boutique R\u00e9nobec.<\/td>\n<\/tr>\n<tr>\n<td>Les entrepreneur doivent avoir compl\u00e9t\u00e9 leur adresse postale sur leur compte entrepreneur pour se connecter \u00e0 la boutique.<\/td>\n<\/tr>\n<tr>\n<td>Lorsque vous achetez des cr\u00e9dits ou des forfaits R\u00e9nobec par Paypal, les cr\u00e9dits R\u00e9nobec sont ajout\u00e9s automatiquement \u00e0 votre compte entrepreneur. Vous pouvez d\u00e8s lors vous en servir pour l&#8217;achat de produits et services R\u00e9nobec.<\/td>\n<\/tr>\n<tr>\n<td>Vous pouvez acheter des cr\u00e9dits ou des forfaits R\u00e9nobec par les autres moyens de paiement offerts. Les cr\u00e9dits R\u00e9nobec seront ajout\u00e9s \u00e0 votre compte d\u00e8s la confirmation du paiement re\u00e7ue.<\/td>\n<\/tr>\n<tr>\n<td>L\u2019achat de cr\u00e9dits ou de forfaits R\u00e9nobec est non remboursable.<\/td>\n<\/tr>\n<tr>\n<td>Avant d&#8217;acheter un item sur la boutique R\u00e9nobec, veuillez-vous r\u00e9f\u00e9rer \u00e0 la description de l\u2019item pour les d\u00e9tails.<\/td>\n<\/tr>\n<tr>\n<td>Toute les ventes sont finales.<\/td>\n<\/tr>\n<\/tbody>\n<\/table>\n","protected":false},"excerpt":{"rendered":"<p>Il faut poss\u00e9der un compte entrepreneur pour se connecter \u00e0 la boutique R\u00e9nobec. Les entrepreneur doivent avoir compl\u00e9t\u00e9 leur adresse postale sur leur compte entrepreneur pour se connecter \u00e0 la boutique. Lorsque vous achetez des cr\u00e9dits ou des forfaits R\u00e9nobec par Paypal, les cr\u00e9dits R\u00e9nobec sont ajout\u00e9s automatiquement \u00e0 votre compte entrepreneur. Vous pouvez d\u00e8s &hellip; <\/p>\n<p class=\"link-more\"><a href=\"https:\/\/renobec.ca\/boutique\/termes-et-conditions-de-la-boutique\/\" class=\"more-link\">Continuer la lecture<span class=\"screen-reader-text\"> de &laquo;&nbsp;Termes et conditions d&#8217;achat&nbsp;&raquo;<\/span><\/a><\/p>\n","protected":false},"author":1,"featured_media":0,"parent":0,"menu_order":0,"comment_status":"closed","ping_status":"closed","template":"","meta":[],"_links":{"self":[{"href":"https:\/\/renobec.ca\/boutique\/wp-json\/wp\/v2\/pages\/67"}],"collection":[{"href":"https:\/\/renobec.ca\/boutique\/wp-json\/wp\/v2\/pages"}],"about":[{"href":"https:\/\/renobec.ca\/boutique\/wp-json\/wp\/v2\/types\/page"}],"author":[{"embeddable":true,"href":"https:\/\/renobec.ca\/boutique\/wp-json\/wp\/v2\/users\/1"}],"replies":[{"embeddable":true,"href":"https:\/\/renobec.ca\/boutique\/wp-json\/wp\/v2\/comments?post=67"}],"version-history":[{"count":19,"href":"https:\/\/renobec.ca\/boutique\/wp-json\/wp\/v2\/pages\/67\/revisions"}],"predecessor-version":[{"id":273,"href":"https:\/\/renobec.ca\/boutique\/wp-json\/wp\/v2\/pages\/67\/revisions\/273"}],"wp:attachment":[{"href":"https:\/\/renobec.ca\/boutique\/wp-json\/wp\/v2\/media?parent=67"}],"curies":[{"name":"wp","href":"https:\/\/api.w.org\/{rel}","templated":true}]}}