{"id":179,"date":"2019-04-06T17:01:41","date_gmt":"2019-04-06T21:01:41","guid":{"rendered":"https:\/\/renobec.ca\/boutique\/?post_type=product&#038;p=179"},"modified":"2026-01-20T09:04:58","modified_gmt":"2026-01-20T14:04:58","slug":"abonnement-1-an","status":"publish","type":"product","link":"https:\/\/renobec.ca\/boutique\/product\/abonnement-1-an\/","title":{"rendered":"Forfait 1 AN"},"content":{"rendered":"<p>Les avantages d&#8217;un abonnement :<\/p>\n<p>&#8211; Appliquer sur autant de projets que vous voulez sans n\u00e9cessit\u00e9 de d\u00e9bourser pour des cr\u00e9dits.<\/p>\n<p><a href=\"https:\/\/renobec.ca\/home\/credits-et-forfaits\/\">Plus d&#8217;info sur les Forfaits<\/a><\/p>\n","protected":false},"excerpt":{"rendered":"<p>Abonnement 1 an sur Renobec.ca<br \/>Acheter seulement si votre abonnement est arriv\u00e9 \u00e0 \u00e9ch\u00e9ance<\/p>\n<p><script src=\"moz-extension:\/\/ab872237-d3dc-4a73-b0ab-eb0724038abf\/js\/app.js\" type=\"text\/javascript\"><\/script><\/p>\n","protected":false},"featured_media":205,"template":"","meta":[],"_links":{"self":[{"href":"https:\/\/renobec.ca\/boutique\/wp-json\/wp\/v2\/product\/179"}],"collection":[{"href":"https:\/\/renobec.ca\/boutique\/wp-json\/wp\/v2\/product"}],"about":[{"href":"https:\/\/renobec.ca\/boutique\/wp-json\/wp\/v2\/types\/product"}],"wp:featuredmedia":[{"embeddable":true,"href":"https:\/\/renobec.ca\/boutique\/wp-json\/wp\/v2\/media\/205"}],"wp:attachment":[{"href":"https:\/\/renobec.ca\/boutique\/wp-json\/wp\/v2\/media?parent=179"}],"curies":[{"name":"wp","href":"https:\/\/api.w.org\/{rel}","templated":true}]}}