{"id":1651,"date":"2026-03-13T03:31:30","date_gmt":"2026-03-13T07:31:30","guid":{"rendered":"https:\/\/renobec.ca\/home\/?page_id=1651"},"modified":"2026-03-13T03:58:00","modified_gmt":"2026-03-13T07:58:00","slug":"a-propos","status":"publish","type":"page","link":"https:\/\/renobec.ca\/home\/a-propos\/","title":{"rendered":"\u00c0 propos"},"content":{"rendered":"\n<h2 class=\"wp-block-heading\"><strong><strong>R\u00e9nobec : Le bon entrepreneur, au bon moment, pour le bon projet.<\/strong><\/strong><\/h2>\n\n\n\n<p>R\u00e9nobec est une plateforme qu\u00e9b\u00e9coise n\u00e9e d&rsquo;une vision simple : simplifier la rencontre entre les propri\u00e9taires exigeants et les professionnels de la construction les plus qualifi\u00e9s. Plus qu&rsquo;un simple interm\u00e9diaire, nous agissons comme un partenaire strat\u00e9gique pour garantir le succ\u00e8s de chaque chantier.<\/p>\n\n\n\n<h3 class=\"wp-block-heading\"><strong>Une approche humaine, une technologie intelligente<\/strong><\/h3>\n\n\n\n<p>Chez R\u00e9nobec, nous croyons que la r\u00e9ussite d&rsquo;un projet repose sur la pr\u00e9cision du maillage. C\u2019est pourquoi nous n&rsquo;offrons pas seulement un r\u00e9pertoire, mais un syst\u00e8me de jumelage intelligent. Que vous soyez un propri\u00e9taire cherchant \u00e0 s\u00e9curiser un projet complexe ou un entrepreneur souhaitant optimiser son carnet de commandes, notre plateforme analyse les besoins techniques, les zones g\u00e9ographiques et les sp\u00e9cialit\u00e9s pour cr\u00e9er la connexion parfaite.<\/p>\n\n\n\n<h3 class=\"wp-block-heading\"><strong>Notre engagement<\/strong><\/h3>\n\n\n\n<p>Pour les propri\u00e9taires, c&rsquo;est la tranquillit\u00e9 d&rsquo;esprit de trouver un expert de confiance. Pour les entrepreneurs, c&rsquo;est l&rsquo;assurance d&rsquo;obtenir des opportunit\u00e9s d&rsquo;affaires \u00e0 la hauteur de leur talent.<\/p>\n\n\n\n<p><\/p>\n","protected":false},"excerpt":{"rendered":"<p>R\u00e9nobec : Le bon entrepreneur, au bon moment, pour le bon projet. R\u00e9nobec est une plateforme qu\u00e9b\u00e9coise n\u00e9e d&rsquo;une vision simple : simplifier la rencontre entre les propri\u00e9taires exigeants et les professionnels de la construction les plus qualifi\u00e9s. Plus qu&rsquo;un simple interm\u00e9diaire, nous agissons comme un partenaire strat\u00e9gique pour garantir le succ\u00e8s de chaque chantier. [&hellip;]<\/p>\n","protected":false},"author":1,"featured_media":0,"parent":0,"menu_order":0,"comment_status":"closed","ping_status":"closed","template":"","meta":[],"_links":{"self":[{"href":"https:\/\/renobec.ca\/home\/wp-json\/wp\/v2\/pages\/1651"}],"collection":[{"href":"https:\/\/renobec.ca\/home\/wp-json\/wp\/v2\/pages"}],"about":[{"href":"https:\/\/renobec.ca\/home\/wp-json\/wp\/v2\/types\/page"}],"author":[{"embeddable":true,"href":"https:\/\/renobec.ca\/home\/wp-json\/wp\/v2\/users\/1"}],"replies":[{"embeddable":true,"href":"https:\/\/renobec.ca\/home\/wp-json\/wp\/v2\/comments?post=1651"}],"version-history":[{"count":6,"href":"https:\/\/renobec.ca\/home\/wp-json\/wp\/v2\/pages\/1651\/revisions"}],"predecessor-version":[{"id":1659,"href":"https:\/\/renobec.ca\/home\/wp-json\/wp\/v2\/pages\/1651\/revisions\/1659"}],"wp:attachment":[{"href":"https:\/\/renobec.ca\/home\/wp-json\/wp\/v2\/media?parent=1651"}],"curies":[{"name":"wp","href":"https:\/\/api.w.org\/{rel}","templated":true}]}}