{"id":218,"date":"2021-09-27T21:05:29","date_gmt":"2021-09-27T21:05:29","guid":{"rendered":"https:\/\/renobec.ca\/home\/?page_id=218"},"modified":"2025-05-21T21:00:23","modified_gmt":"2025-05-22T01:00:23","slug":"faq-entrepreneurs","status":"publish","type":"page","link":"https:\/\/renobec.ca\/home\/faq-entrepreneurs\/","title":{"rendered":"F.A.Q ENTREPRENEURS"},"content":{"rendered":"\n<h1 class=\"wp-block-heading\">F.A.Q ENTREPRENEURS<\/h1>\n\n\n\n<figure id=\"tablefaq\" class=\"wp-block-table is-style-stripes has-medium-font-size\"><table class=\"has-vivid-cyan-blue-color has-cyan-bluish-gray-background-color has-text-color has-background\"><tbody><tr><td>1<\/td><td>Q. Y a t-il des frais d&rsquo;adh\u00e9sion?<br>R. Il n&rsquo;y a aucun frais d&rsquo;adh\u00e9sion cependant vous devez souscrire \u00e0 un abonnement ou vous procurer des jetons pour utiliser certaines fonctions de la plateforme.<\/td><\/tr><tr><td><\/td><td><\/td><\/tr><tr><td>2<\/td><td>Q. Combien de services puis-je offrir dans mon profil?<br>R. Vous pouvez offrir un maximum de 10 services \u00e0 la fois. Si toutefois vous n&rsquo;avez pas de licence RBQ et que le type de service que vous offrez fait partie des exclusions de la RBQ, alors vous ne pourrez offrir que ce service.<\/td><\/tr><tr><td><\/td><td><\/td><\/tr><tr><td>3<\/td><td>Q. Comment devenir partenaire R\u00e9nobec?<br>R. Vous n\u2019avez qu\u2019\u00e0 suivre le lien suivant,&nbsp;<a href=\"https:\/\/renobec.ca\/home\/devenir-partenaire\">Compl\u00e9ter le formulaire<\/a>&nbsp;et nous vous contacterons.<\/td><\/tr><tr><td><\/td><td><\/td><\/tr><tr><td>4<\/td><td>Q. Comment savoir s\u2019il y a des projets disponibles pour moi?<br>R. Les projets que vous \u00eates en mesure d\u2019entreprendre paraissent dans la section &laquo; projet &raquo; depuis votre compte entrepreneur.<\/td><\/tr><tr><td><\/td><td><\/td><\/tr><tr><td>5<\/td><td>Q. Est-ce que je re\u00e7ois une notification lorsqu\u2019un projet est disponible?<br>R. Les entrepreneurs re\u00e7oivent un message leur indiquant la disponibilit\u00e9 d\u2019un nouveau projet dans un rayon de 100 km, s&rsquo;ils offrent un tel service. Un courriel est \u00e9galement envoy\u00e9.<\/td><\/tr><tr><td><\/td><td><\/td><\/tr><tr><td>6<\/td><td>Q. Comment appliquer sur un projet?<br>R. Un projet vous int\u00e9resse? Vous pouvez, contre le nombre de jetons-cr\u00e9dits indiqu\u00e9, appliquer sur ce projet. C\u2019est alors une opportunit\u00e9 de vous d\u00e9marquer et possiblement d\u00e9crocher le contrat. Vous pouvez aussi acheter un forfait qui vous permet d&rsquo;appliquer sur tous les projets qui vous int\u00e9resse. <a href=\"https:\/\/renobec.ca\/home\/fonctionnement\">En savoir plus sur le fonctionnement.<\/a><\/td><\/tr><tr><td><\/td><td><\/td><\/tr><tr><td>7<\/td><td>Q. Comment obtenir des jetons-cr\u00e9dits ou acheter un forfait pour appliquer sur des projets ou publier des offfres d&#8217;emplois?<br>R. Les jetons-cr\u00e9dits tout comme les forfaits peuvent \u00eatre achet\u00e9s en allant sur la boutique R\u00e9nobec depuis votre compte entrepreneur.<\/td><\/tr><tr><td><\/td><td><\/td><\/tr><tr><td>8 <\/td><td>Q. Comment puis-je publier une offre d&#8217;emploi ou acc\u00e9der \u00e0 la banque des candidats?<br>R. Depuis votre compte-entrepreneur, acc\u00e9der au &laquo; Gestionnaire d&rsquo;offre d&#8217;emplois &raquo; pour la publication d&rsquo;une offre d&#8217;emploi ou \u00e0 la &lsquo;Banque de candidats &raquo; pour visionner la liste des candidats dans le menu principal.<\/td><\/tr><\/tbody><\/table><\/figure>\n\n\n\n<p><a href=\"https:\/\/renobec.ca\/home\/credits-et-forfaits\/\">Comment obtenir des jetons-cr\u00e9dits ou acheter des forfaits ?<\/a><\/p>\n\n\n\n<div class=\"wp-block-buttons is-layout-flex\">\n<div class=\"wp-block-button\"><a class=\"wp-block-button__link has-vivid-cyan-blue-background-color has-background wp-element-button\" href=\"https:\/\/renobec.ca\/home\/proprietaires\/\">F.A.Q PROPRI\u00c9TAIRES<\/a><\/div>\n<\/div>\n","protected":false},"excerpt":{"rendered":"<p>F.A.Q ENTREPRENEURS 1 Q. Y a t-il des frais d&rsquo;adh\u00e9sion?R. Il n&rsquo;y a aucun frais d&rsquo;adh\u00e9sion cependant vous devez souscrire \u00e0 un abonnement ou vous procurer des jetons pour utiliser certaines fonctions de la plateforme. 2 Q. Combien de services puis-je offrir dans mon profil?R. Vous pouvez offrir un maximum de 10 services \u00e0 la [&hellip;]<\/p>\n","protected":false},"author":1,"featured_media":0,"parent":0,"menu_order":0,"comment_status":"closed","ping_status":"closed","template":"","meta":[],"_links":{"self":[{"href":"https:\/\/renobec.ca\/home\/wp-json\/wp\/v2\/pages\/218"}],"collection":[{"href":"https:\/\/renobec.ca\/home\/wp-json\/wp\/v2\/pages"}],"about":[{"href":"https:\/\/renobec.ca\/home\/wp-json\/wp\/v2\/types\/page"}],"author":[{"embeddable":true,"href":"https:\/\/renobec.ca\/home\/wp-json\/wp\/v2\/users\/1"}],"replies":[{"embeddable":true,"href":"https:\/\/renobec.ca\/home\/wp-json\/wp\/v2\/comments?post=218"}],"version-history":[{"count":37,"href":"https:\/\/renobec.ca\/home\/wp-json\/wp\/v2\/pages\/218\/revisions"}],"predecessor-version":[{"id":1227,"href":"https:\/\/renobec.ca\/home\/wp-json\/wp\/v2\/pages\/218\/revisions\/1227"}],"wp:attachment":[{"href":"https:\/\/renobec.ca\/home\/wp-json\/wp\/v2\/media?parent=218"}],"curies":[{"name":"wp","href":"https:\/\/api.w.org\/{rel}","templated":true}]}}