{"id":429,"date":"2021-11-04T04:07:09","date_gmt":"2021-11-04T04:07:09","guid":{"rendered":"https:\/\/renobec.ca\/home\/?page_id=429"},"modified":"2025-05-04T13:36:51","modified_gmt":"2025-05-04T17:36:51","slug":"credits-et-forfaits","status":"publish","type":"page","link":"https:\/\/renobec.ca\/home\/credits-et-forfaits\/","title":{"rendered":"Jetons-cr\u00e9dits et forfaits"},"content":{"rendered":"\n<h2 class=\"wp-block-heading\" id=\"jetons-credits-renobec\"><strong>Jetons-cr\u00e9dits R\u00e9nobec<\/strong><\/h2>\n\n\n\n<figure class=\"wp-block-image size-large is-resized\"><img decoding=\"async\" loading=\"lazy\" src=\"https:\/\/renobec.ca\/home\/wp-content\/uploads\/2021\/11\/25credits-2021-2-669x1024.png\" alt=\"\" class=\"wp-image-422\" width=\"167\" height=\"254\"\/><\/figure>\n\n\n\n<p>R\u00e9nobec utilise un syst\u00e8me de jetons num\u00e9riques n\u00e9cessaires pour participer \u00e0 certaines activit\u00e9s sur sa plateforme. L\u2019une de ces activit\u00e9s est d&rsquo;appliquer sur des projets.<\/p>\n\n\n\n<p>Par exemple, vous d\u00e9sirez appliquer sur un projet et ce projet est au co\u00fbt de 15 jetons. Alors vous devrez avoir ces 15 jetons pour appliquer sur le projet.<\/p>\n\n\n\n<h2 class=\"wp-block-heading\" id=\"activites-necessitant-des-jetons-credits\"><strong>Activit\u00e9s n\u00e9cessitant des jetons-cr\u00e9dits.<\/strong><\/h2>\n\n\n\n<ul>\n<li>Appliquer sur un projet<\/li>\n\n\n\n<li>Publier une offre d&#8217;emploi<\/li>\n<\/ul>\n\n\n\n<h2 class=\"wp-block-heading\" id=\"comment-obtenir-des-jetons-credits\"><strong>Comment obtenir des jetons-cr\u00e9dits?<\/strong><\/h2>\n\n\n\n<p><strong>Boutique R\u00e9nobec<\/strong>: La mani\u00e8re la plus rapide est de se connecter \u00e0 la boutique R\u00e9nobec accessible depuis son compte  et d\u2019acheter un bloc de jetons. Les jetons-cr\u00e9dits achet\u00e9s sont des forfaits ponctuels qui permettent donc d&rsquo;appliquer sur des projets, au besoin, sans n\u00e9cessit\u00e9 de faire l&rsquo;achat d&rsquo;un forfait traditionnel. <\/p>\n\n\n\n<h2 class=\"wp-block-heading\" id=\"forfaits\"><strong>Forfaits  <\/strong><\/h2>\n\n\n\n<p>Les entrepreneurs peuvent adh\u00e9rer \u00e0 des forfaits ce qui leur dispense d&rsquo;avoir \u00e0 acheter et d\u00e9bourser des jetons-cr\u00e9dits pour appliquer sur des projets. Les forfaits sont id\u00e9als pour les entrepreneurs qui veulent se concentrer \u00e0 appliquer, r\u00e9guli\u00e8rement, et sans d\u00e9lais, sur les projets qui leur int\u00e9ressent. <\/p>\n\n\n\n<p>Pour recevoir des Leads marketing, vous devez souscrire \u00e0 un forfait.<\/p>\n\n\n\n<p>Les forfaits sont de 3 mois et 1 an et peuvent \u00eatre achet\u00e9s \u00e0 la boutique R\u00e9nobec.<\/p>\n\n\n\n<p><a href=\"https:\/\/renobec.ca\/home\/boutique-renobec\">En savoir plus sur la Boutique<\/a><\/p>\n","protected":false},"excerpt":{"rendered":"<p>Jetons-cr\u00e9dits R\u00e9nobec R\u00e9nobec utilise un syst\u00e8me de jetons num\u00e9riques n\u00e9cessaires pour participer \u00e0 certaines activit\u00e9s sur sa plateforme. L\u2019une de ces activit\u00e9s est d&rsquo;appliquer sur des projets. Par exemple, vous d\u00e9sirez appliquer sur un projet et ce projet est au co\u00fbt de 15 jetons. Alors vous devrez avoir ces 15 jetons pour appliquer sur le [&hellip;]<\/p>\n","protected":false},"author":1,"featured_media":0,"parent":0,"menu_order":0,"comment_status":"closed","ping_status":"closed","template":"","meta":[],"_links":{"self":[{"href":"https:\/\/renobec.ca\/home\/wp-json\/wp\/v2\/pages\/429"}],"collection":[{"href":"https:\/\/renobec.ca\/home\/wp-json\/wp\/v2\/pages"}],"about":[{"href":"https:\/\/renobec.ca\/home\/wp-json\/wp\/v2\/types\/page"}],"author":[{"embeddable":true,"href":"https:\/\/renobec.ca\/home\/wp-json\/wp\/v2\/users\/1"}],"replies":[{"embeddable":true,"href":"https:\/\/renobec.ca\/home\/wp-json\/wp\/v2\/comments?post=429"}],"version-history":[{"count":28,"href":"https:\/\/renobec.ca\/home\/wp-json\/wp\/v2\/pages\/429\/revisions"}],"predecessor-version":[{"id":1206,"href":"https:\/\/renobec.ca\/home\/wp-json\/wp\/v2\/pages\/429\/revisions\/1206"}],"wp:attachment":[{"href":"https:\/\/renobec.ca\/home\/wp-json\/wp\/v2\/media?parent=429"}],"curies":[{"name":"wp","href":"https:\/\/api.w.org\/{rel}","templated":true}]}}